{"id":842,"date":"2022-02-28T12:52:04","date_gmt":"2022-02-28T11:52:04","guid":{"rendered":"https:\/\/komm.dreimorgen.com\/?page_id=842"},"modified":"2026-01-08T11:50:56","modified_gmt":"2026-01-08T10:50:56","slug":"impressum","status":"publish","type":"page","link":"https:\/\/website.kommev.de\/?page_id=842","title":{"rendered":"Impressum"},"content":{"rendered":"\n<p>KOMM Ambulante Dienste e.V.<br>Sophienstra\u00dfe 44<br>60487 Frankfurt am Main<\/p>\n\n\n\n<p>Tel 069 95 14 75 &#8211; 0<br>Fax 069 95 14 75 &#8211; 75<br>info@kommev.de<\/p>\n\n\n\n<p>Mitglied im Deutschen Parit\u00e4tischen Wohlfahrtsverband<br>Der Parit\u00e4tische &#8211; Unser Spitzenverband<\/p>\n\n\n\n<p><strong>Vorstand<\/strong><br>Axel Fuchs (Gesch\u00e4ftsf\u00fchrender Vorstand), Steffen Hensel, Daniela Richter <\/p>\n\n\n\n<p><strong>Gesch\u00e4ftsf\u00fchrender Vorstand  und \u00d6ffentlichkeitsarbeit<\/strong><br>Axel Fuchs<\/p>\n\n\n\n<p><strong>Registergericht<\/strong><br>Amtsgericht Frankfurt<\/p>\n\n\n\n<p><strong>Registernummer<\/strong><br>VR 7847<\/p>\n\n\n\n<p><strong>Inhaltlich Verantwortlicher gem\u00e4\u00df \u00a7 10 Absatz 3 MDStV<\/strong><br>Axel Fuchs<\/p>\n\n\n\n<p><strong>Redaktion<\/strong><br>Marcel K\u00f6nig <\/p>\n\n\n\n<p><strong>Haftungshinweis<\/strong><br>Trotz sorgf\u00e4ltiger inhaltlicher Kontrolle \u00fcbernehmen wir keine Haftung f\u00fcr die Inhalte externer Links. F\u00fcr den Inhalt der verlinkten Seiten sind ausschlie\u00dflich deren Betreiber verantwortlich.<\/p>\n\n\n\n<p><strong>Bildnachweise: <\/strong><br>Die auf dieser Website verwendeten Fotos stammen u. a. von&nbsp;<em>iStock by Getty Images<\/em>.<br>iStock.com \/ South_agency (Stock-Datei-ID: <a href=\"https:\/\/www.istockphoto.com\/foto\/menschen-mit-down-syndrom-und-zerebralparese-machen-ein-kunstprojekt-mit-hilfe-von-gm1479340360-507356543?clarity=false\">1479340360&nbsp;<\/a>) <\/p>\n\n\n\n<p><\/p>\n","protected":false},"excerpt":{"rendered":"<p>KOMM Ambulante Dienste e.V.Sophienstra\u00dfe 4460487 Frankfurt am Main Tel 069 95 14 75 &#8211; 0Fax 069 95 14 75 &#8211; 75info@kommev.de Mitglied im Deutschen Parit\u00e4tischen WohlfahrtsverbandDer Parit\u00e4tische &#8211; Unser Spitzenverband VorstandAxel Fuchs (Gesch\u00e4ftsf\u00fchrender Vorstand), Steffen Hensel, Daniela Richter Gesch\u00e4ftsf\u00fchrender Vorstand und \u00d6ffentlichkeitsarbeitAxel Fuchs RegistergerichtAmtsgericht Frankfurt RegisternummerVR 7847 Inhaltlich Verantwortlicher gem\u00e4\u00df \u00a7 10 Absatz 3 MDStVAxel [&hellip;]<\/p>\n","protected":false},"author":4,"featured_media":0,"parent":0,"menu_order":0,"comment_status":"closed","ping_status":"closed","template":"","meta":{"_uag_custom_page_level_css":"","footnotes":""},"class_list":["post-842","page","type-page","status-publish","hentry"],"blocksy_meta":{"styles_descriptor":{"styles":{"desktop":"","tablet":"","mobile":""},"google_fonts":[],"version":6}},"uagb_featured_image_src":{"full":false,"thumbnail":false,"medium":false,"medium_large":false,"large":false,"1536x1536":false,"2048x2048":false},"uagb_author_info":{"display_name":"WP-Admin-01","author_link":"https:\/\/website.kommev.de\/?author=4"},"uagb_comment_info":0,"uagb_excerpt":"KOMM Ambulante Dienste e.V.Sophienstra\u00dfe 4460487 Frankfurt am Main Tel 069 95 14 75 &#8211; 0Fax 069 95 14 75 &#8211; 75info@kommev.de Mitglied im Deutschen Parit\u00e4tischen WohlfahrtsverbandDer Parit\u00e4tische &#8211; Unser Spitzenverband VorstandAxel Fuchs (Gesch\u00e4ftsf\u00fchrender Vorstand), Steffen Hensel, Daniela Richter Gesch\u00e4ftsf\u00fchrender Vorstand und \u00d6ffentlichkeitsarbeitAxel Fuchs RegistergerichtAmtsgericht Frankfurt RegisternummerVR 7847 Inhaltlich Verantwortlicher gem\u00e4\u00df \u00a7 10 Absatz 3 MDStVAxel&hellip;","_links":{"self":[{"href":"https:\/\/website.kommev.de\/index.php?rest_route=\/wp\/v2\/pages\/842","targetHints":{"allow":["GET"]}}],"collection":[{"href":"https:\/\/website.kommev.de\/index.php?rest_route=\/wp\/v2\/pages"}],"about":[{"href":"https:\/\/website.kommev.de\/index.php?rest_route=\/wp\/v2\/types\/page"}],"author":[{"embeddable":true,"href":"https:\/\/website.kommev.de\/index.php?rest_route=\/wp\/v2\/users\/4"}],"replies":[{"embeddable":true,"href":"https:\/\/website.kommev.de\/index.php?rest_route=%2Fwp%2Fv2%2Fcomments&post=842"}],"version-history":[{"count":5,"href":"https:\/\/website.kommev.de\/index.php?rest_route=\/wp\/v2\/pages\/842\/revisions"}],"predecessor-version":[{"id":2021,"href":"https:\/\/website.kommev.de\/index.php?rest_route=\/wp\/v2\/pages\/842\/revisions\/2021"}],"wp:attachment":[{"href":"https:\/\/website.kommev.de\/index.php?rest_route=%2Fwp%2Fv2%2Fmedia&parent=842"}],"curies":[{"name":"wp","href":"https:\/\/api.w.org\/{rel}","templated":true}]}}