{"id":2082,"date":"2026-03-06T14:00:18","date_gmt":"2026-03-06T13:00:18","guid":{"rendered":"https:\/\/website.kommev.de\/?page_id=2082"},"modified":"2026-03-09T11:41:37","modified_gmt":"2026-03-09T10:41:37","slug":"2082-2","status":"publish","type":"page","link":"https:\/\/website.kommev.de\/?page_id=2082","title":{"rendered":""},"content":{"rendered":"\n<figure class=\"wp-block-image size-large\"><img loading=\"lazy\" decoding=\"async\" width=\"1024\" height=\"576\" src=\"https:\/\/website.kommev.de\/wp-content\/uploads\/11-7-1024x576.jpg\" alt=\"\" class=\"wp-image-2083\" srcset=\"https:\/\/website.kommev.de\/wp-content\/uploads\/11-7-1024x576.jpg 1024w, https:\/\/website.kommev.de\/wp-content\/uploads\/11-7-450x253.jpg 450w, https:\/\/website.kommev.de\/wp-content\/uploads\/11-7-768x432.jpg 768w, https:\/\/website.kommev.de\/wp-content\/uploads\/11-7.jpg 1280w\" sizes=\"auto, (max-width: 1024px) 100vw, 1024px\" \/><\/figure>\n\n\n\n<div class=\"wp-block-uagb-advanced-heading uagb-block-a55e6bac\"><h2 class=\"uagb-heading-text\">12 Jugendliche bei der iJuleica am Start! <\/h2><\/div>\n\n\n\n<p><strong>Mini-Freizeit der iJuLeiCa: Gemeinsam lernen, planen und Verantwortung \u00fcbernehmen<\/strong><\/p>\n\n\n\n<p>Vom&nbsp;27. Februar bis zum 1. M\u00e4rz&nbsp;fand in&nbsp;Dorfweil bei Schmitten&nbsp;eine dreit\u00e4gige Mini-Freizeit im Rahmen der inklusiven&nbsp;iJuLeiCa-Ausbildung&nbsp;statt. Insgesamt&nbsp;12 Teilnehmende mit und ohne Behinderung&nbsp;sowie&nbsp;8 Teamende \u2013 darunter 5 Ehrenamtliche \u2013&nbsp;nutzten die gemeinsame Zeit, um sich intensiv mit zentralen Themen der Jugendgruppenleitung auseinanderzusetzen.<\/p>\n\n\n\n<p>Im Mittelpunkt der Mini-Freizeit standen praxisnahe Inhalte, die f\u00fcr die sp\u00e4tere Arbeit als Gruppenleiter*in wichtig sind. So besch\u00e4ftigten sich die Teilnehmenden unter anderem mit der&nbsp;Organisation und Planung einer Freizeit&nbsp;(exemplarisch anhand der n\u00e4chsten Sommerfreizeit). Dabei ging es darum, Abl\u00e4ufe zu strukturieren, Verantwortlichkeiten zu kl\u00e4ren und gemeinsam Ideen f\u00fcr ein gelingendes Programm zu entwickeln.<\/p>\n\n\n\n<p>Ein weiterer wichtiger Bestandteil war ein&nbsp;Erste-Hilfe-Kurs, der grundlegende Handlungssicherheit f\u00fcr Notfallsituationen vermittelt. Dar\u00fcber hinaus wurden zentrale rechtliche Fragen behandelt:&nbsp;Aufsichtspflicht,&nbsp;Rechte und Pflichten von Gruppenleitungen&nbsp;sowie der sensible Umgang mit&nbsp;N\u00e4he und Distanz&nbsp;in der Arbeit mit Kindern und Jugendlichen.<\/p>\n\n\n\n<p>Die Mini-Freizeit bot nicht nur Raum f\u00fcr fachliche Inhalte, sondern auch f\u00fcr Begegnung, Austausch und gemeinsames Lernen in der Gruppe. Damit ist ein weiterer wichtiger Baustein der iJuLeiCa-Ausbildung gelungen, der die angehenden Gruppenleiter*innen auf ihre zuk\u00fcnftige Rolle vorbereitet und zugleich das inklusive Miteinander st\u00e4rkt.<\/p>\n\n\n\n<div class=\"wp-block-uagb-container uagb-block-a5105cda alignfull uagb-is-root-container\"><div class=\"uagb-container-inner-blocks-wrap\">\n<div class=\"wp-block-uagb-container uagb-block-e5a6ca13\">\n<figure class=\"wp-block-image size-large\"><img loading=\"lazy\" decoding=\"async\" width=\"1024\" height=\"576\" src=\"https:\/\/website.kommev.de\/wp-content\/uploads\/6-4-1024x576.png\" alt=\"\" class=\"wp-image-2085\" srcset=\"https:\/\/website.kommev.de\/wp-content\/uploads\/6-4-1024x576.png 1024w, https:\/\/website.kommev.de\/wp-content\/uploads\/6-4-450x253.png 450w, https:\/\/website.kommev.de\/wp-content\/uploads\/6-4-768x432.png 768w, https:\/\/website.kommev.de\/wp-content\/uploads\/6-4.png 1280w\" sizes=\"auto, (max-width: 1024px) 100vw, 1024px\" \/><\/figure>\n<\/div>\n\n\n\n<div class=\"wp-block-group is-nowrap is-layout-flex wp-container-core-group-is-layout-6c531013 wp-block-group-is-layout-flex\">\n<div class=\"wp-block-uagb-image uagb-block-70e3d658 wp-block-uagb-image--layout-default wp-block-uagb-image--effect-static wp-block-uagb-image--align-none\"><figure class=\"wp-block-uagb-image__figure\"><img decoding=\"async\" srcset=\"https:\/\/website.kommev.de\/wp-content\/uploads\/7-2-1024x576.png ,https:\/\/website.kommev.de\/wp-content\/uploads\/7-2.png 780w, https:\/\/website.kommev.de\/wp-content\/uploads\/7-2.png 360w\" sizes=\"auto, (max-width: 480px) 150px\" src=\"https:\/\/website.kommev.de\/wp-content\/uploads\/7-2-1024x576.png\" alt=\"\" class=\"uag-image-2087\" width=\"1280\" height=\"720\" title=\"7\" loading=\"lazy\" role=\"img\"\/><\/figure><\/div>\n<\/div>\n\n\n\n<div class=\"wp-block-group is-nowrap is-layout-flex wp-container-core-group-is-layout-6c531013 wp-block-group-is-layout-flex\">\n<figure class=\"wp-block-image size-large\"><img loading=\"lazy\" decoding=\"async\" width=\"1024\" height=\"576\" src=\"https:\/\/website.kommev.de\/wp-content\/uploads\/1111-1024x576.png\" alt=\"\" class=\"wp-image-2103\" srcset=\"https:\/\/website.kommev.de\/wp-content\/uploads\/1111-1024x576.png 1024w, https:\/\/website.kommev.de\/wp-content\/uploads\/1111-450x253.png 450w, https:\/\/website.kommev.de\/wp-content\/uploads\/1111-768x432.png 768w, https:\/\/website.kommev.de\/wp-content\/uploads\/1111-1536x864.png 1536w, https:\/\/website.kommev.de\/wp-content\/uploads\/1111.png 1920w\" sizes=\"auto, (max-width: 1024px) 100vw, 1024px\" \/><\/figure>\n<\/div>\n<\/div><\/div>\n\n\n\n<p><\/p>\n","protected":false},"excerpt":{"rendered":"<p>Bei Fragen oder Interesse an unseren Angeboten k\u00f6nnen Sie sich gerne an\u00a0<strong>Sophie Weber<\/strong>\u00a0wenden. Sie steht als Ansprechpartnerin f\u00fcr die iJuLeiCa-Ausbildung sowie f\u00fcr Fragen rund um inklusive Jugendfreizeiten und Beteiligungsm\u00f6glichkeiten zur Verf\u00fcgung.<br \/>Im Verein arbeiten wir kontinuierlich an der\u00a0<strong>methodischen und konzeptionellen Weiterentwicklung bestehender Jugendformate<\/strong>. Ein besonderer Schwerpunkt liegt dabei auf der\u00a0<strong>inklusiven \u00d6ffnung von Angeboten der Kinder- und Jugendarbeit<\/strong>. Ziel ist es, Strukturen so weiterzuentwickeln, dass Jugendliche mit und ohne Behinderung selbstverst\u00e4ndlich gemeinsam teilnehmen, Verantwortung \u00fcbernehmen und Freizeitangebote aktiv mitgestalten k\u00f6nnen. Dazu erproben wir regelm\u00e4\u00dfig neue\u00a0<strong>methodische Zug\u00e4nge, Qualifizierungsformate und Beteiligungsformen<\/strong>.<br \/>Die hier beschriebene iJuLeiCa-Mini-Freizeit ist im Rahmen des Projekts\u00a0<strong>#weghier<\/strong>\u00a0entstanden. Das Projekt wird durch das\u00a0<strong>Hessische Ministerium f\u00fcr Soziales und Integration<\/strong>\u00a0gef\u00f6rdert und in Kooperation mit dem\u00a0<strong>Hessischen Jugendring<\/strong>\u00a0sowie dem\u00a0<strong>Jugendrotkreuz Frankfurt<\/strong>\u00a0umgesetzt. Gemeinsam verfolgen wir das Ziel, inklusive Jugendfreizeiten zu st\u00e4rken und neue Wege der Beteiligung f\u00fcr junge Menschen zu er\u00f6ffnen.12 Jugendliche bei der iJuleica am Start! Mini-Freizeit der iJuLeiCa: Gemeinsam lernen, planen und Verantwortung \u00fcbernehmen Vom\u00a027. Februar bis zum 1. M\u00e4rz\u00a0fand in\u00a0Dorfweil bei Schmitten\u00a0eine dreit\u00e4gige Mini-Freizeit im Rahmen der inklusiven\u00a0iJuLeiCa-Ausbildung\u00a0statt. Insgesamt\u00a012 Teilnehmende mit und ohne Behinderung\u00a0sowie\u00a08 Teamende \u2013 darunter 5 Ehrenamtliche \u2013\u00a0nutzten die gemeinsame Zeit, um sich intensiv mit zentralen Themen der Jugendgruppenleitung auseinanderzusetzen. [\u2026]<\/p>\n","protected":false},"author":6,"featured_media":0,"parent":0,"menu_order":0,"comment_status":"closed","ping_status":"closed","template":"","meta":{"_uag_custom_page_level_css":"","footnotes":""},"class_list":["post-2082","page","type-page","status-publish","hentry"],"blocksy_meta":[],"uagb_featured_image_src":{"full":false,"thumbnail":false,"medium":false,"medium_large":false,"large":false,"1536x1536":false,"2048x2048":false},"uagb_author_info":{"display_name":"Marcel K\u00f6nig","author_link":"https:\/\/website.kommev.de\/?author=6"},"uagb_comment_info":0,"uagb_excerpt":"Bei Fragen oder Interesse an unseren Angeboten k\u00f6nnen Sie sich gerne an\u00a0Sophie Weber\u00a0wenden. Sie steht als Ansprechpartnerin f\u00fcr die iJuLeiCa-Ausbildung sowie f\u00fcr Fragen rund um inklusive Jugendfreizeiten und Beteiligungsm\u00f6glichkeiten zur Verf\u00fcgung.Im Verein arbeiten wir kontinuierlich an der\u00a0methodischen und konzeptionellen Weiterentwicklung bestehender Jugendformate. Ein besonderer Schwerpunkt liegt dabei auf der\u00a0inklusiven \u00d6ffnung von Angeboten der Kinder- und&hellip;","_links":{"self":[{"href":"https:\/\/website.kommev.de\/index.php?rest_route=\/wp\/v2\/pages\/2082","targetHints":{"allow":["GET"]}}],"collection":[{"href":"https:\/\/website.kommev.de\/index.php?rest_route=\/wp\/v2\/pages"}],"about":[{"href":"https:\/\/website.kommev.de\/index.php?rest_route=\/wp\/v2\/types\/page"}],"author":[{"embeddable":true,"href":"https:\/\/website.kommev.de\/index.php?rest_route=\/wp\/v2\/users\/6"}],"replies":[{"embeddable":true,"href":"https:\/\/website.kommev.de\/index.php?rest_route=%2Fwp%2Fv2%2Fcomments&post=2082"}],"version-history":[{"count":10,"href":"https:\/\/website.kommev.de\/index.php?rest_route=\/wp\/v2\/pages\/2082\/revisions"}],"predecessor-version":[{"id":2104,"href":"https:\/\/website.kommev.de\/index.php?rest_route=\/wp\/v2\/pages\/2082\/revisions\/2104"}],"wp:attachment":[{"href":"https:\/\/website.kommev.de\/index.php?rest_route=%2Fwp%2Fv2%2Fmedia&parent=2082"}],"curies":[{"name":"wp","href":"https:\/\/api.w.org\/{rel}","templated":true}]}}