{"id":191,"date":"2022-02-14T15:45:38","date_gmt":"2022-02-14T12:45:38","guid":{"rendered":"https:\/\/komm.suprd.com\/?page_id=191"},"modified":"2022-03-24T12:28:10","modified_gmt":"2022-03-24T11:28:10","slug":"unser-leitbild","status":"publish","type":"page","link":"https:\/\/website.kommev.de\/?page_id=191","title":{"rendered":"Unser Leitbild"},"content":{"rendered":"\n<p>KOMM Ambulante Dienste e.V. ist ein gemeinn\u00fctziger Verein, der seit 1982 in Frankfurt\/Main Menschen mit Behinderung, alten Menschen sowie Kindern, Jugendlichen und Familien ein vielf\u00e4ltiges und sich erg\u00e4nzendes ambulantes Unterst\u00fctzungsangebot anbietet.<\/p>\n\n\n\n<p><strong>Werte<\/strong><br>Wir sind davon \u00fcberzeugt, dass alle Menschen wertvoll sind und das Recht auf ein w\u00fcrdevolles Leben haben. Jede*n Einzelnen akzeptieren und wertsch\u00e4tzen wir unabh\u00e4ngig von Herkunft, Einschr\u00e4nkung und sozialer Situation. Wir sehen Vielfalt als Bereicherung und gehen offen auf Menschen zu.<\/p>\n\n\n\n<p><strong>Ziele<\/strong><br>Die F\u00f6rderung von ganzheitlicher Entwicklung, pers\u00f6nlichem Wachstum und sozialen Beziehungen liegt uns am Herzen. Ein selbstbestimmtes Leben und die Einbindung in das soziale Umfeld sind f\u00fcr uns wichtige Ziele. Wir f\u00f6rdern ein gleichberechtigtes Miteinander von Menschen mit und ohne Einschr\u00e4nkungen.<\/p>\n\n\n\n<p><strong>Angebote<\/strong><br>Unsere ambulanten Angebote bieten individuelle, bedarfsgerechte L\u00f6sungen aus einer Hand. Die Kombination verschiedener Leistungen und Kontinuit\u00e4t erm\u00f6glichen wir durch vielf\u00e4ltige Hilfeangebote. Die Beziehungen zu unseren Kunden und Klienten gestalten wir achtsam, annehmend und professionell. Lebensfreude und das Vertrauen in die St\u00e4rken sind uns wichtig bei der Ausgestaltung der Hilfen.<\/p>\n\n\n\n<p><strong>Kundenorientierung<\/strong><br>Wir achten auf die Bed\u00fcrfnisse und messen uns an der Zufriedenheit unserer Kunden und Klienten. Die Qualit\u00e4t unserer Dienstleistungen wird getragen von Fachlichkeit, &nbsp;Verantwortungsbewusstsein und Engagement. Es ist uns wichtig, unsere professionelle und soziale Kompetenz st\u00e4ndig zu erweitern.<\/p>\n\n\n\n<p><strong>Organisation<\/strong><br>Unter einem Dach finden Kinder\u00ad- und Jugendhilfe, Behindertenhilfe, Altenhilfe und Krankenpflege eine gewachsene, starke Organisation. Wir gestalten entwicklungsorientierte und nachhaltige soziale Interaktionen. Als lernende Organisation verbessern wir st\u00e4ndig unsere Leistung, reagieren auf ver\u00e4nderte Bedarfe und entwickeln sinnvolle, innovative L\u00f6sungen. Wir f\u00f6rdern aktiv die Zusammenarbeit in Netzwerken und gestalten partnerschaftliche Kooperationen.<\/p>\n\n\n\n<p><strong>Mitarbeiter\/innen<\/strong><br>Vertrauen in die F\u00e4higkeiten und&nbsp; Anerkennung der pers\u00f6nlichen Leistung der Mitarbeiter\/innen leiten uns bei der Gestaltung der Arbeitsprozesse. Wir bieten sinnhafte Arbeitsfelder und eine gro\u00dfe Eigenverantwortung. Wir erwarten eine hohe Fachlichkeit, Engagement und Loyalit\u00e4t. Wir schaffen stabile Arbeitspl\u00e4tze, gestalten faire Arbeitsbedingungen und bieten Raum f\u00fcr berufliche Entwicklung.<\/p>\n\n\n\n<p><strong>Unternehmenskultur<\/strong><br>Unser Umgang ist von gegenseitiger Wertsch\u00e4tzung gekennzeichnet. Wir suchen den Dialog und sch\u00e4tzen ein lebendiges Miteinander. Die Zusammenarbeit zwischen F\u00fchrungskr\u00e4ften und Mitarbeitenden beruht auf Offenheit und wechselseitigem Vertrauen. Die Verantwortlichkeiten sind auf allen Ebenen klar geregelt.<\/p>\n\n\n\n<p><strong>Wirtschaftlichkeit<\/strong><br>Unsere gemeinn\u00fctzigen Ziele erreichen wir als verantwortlich und nachhaltig wirtschaftender Dienstleistungsbetrieb. Der zielgerichtete Umgang mit Ressourcen sichert die wirtschaftliche Basis und den langfristigen Erhalt des Unternehmens. Jede Mitarbeiterin und jeder Mitarbeiter \u00fcbernimmt Verantwortung f\u00fcr ihre\/seine Arbeitsprozesse und tr\u00e4gt somit zur wirtschaftlichen Absicherung bei.<\/p>\n","protected":false},"excerpt":{"rendered":"<p>KOMM Ambulante Dienste e.V. ist ein gemeinn\u00fctziger Verein, der seit 1982 in Frankfurt\/Main Menschen mit Behinderung, alten Menschen sowie Kindern, Jugendlichen und Familien ein vielf\u00e4ltiges und sich erg\u00e4nzendes ambulantes Unterst\u00fctzungsangebot anbietet. WerteWir sind davon \u00fcberzeugt, dass alle Menschen wertvoll sind und das Recht auf ein w\u00fcrdevolles Leben haben. Jede*n Einzelnen akzeptieren und wertsch\u00e4tzen wir unabh\u00e4ngig [&hellip;]<\/p>\n","protected":false},"author":4,"featured_media":0,"parent":0,"menu_order":0,"comment_status":"closed","ping_status":"closed","template":"","meta":{"_uag_custom_page_level_css":"","footnotes":""},"class_list":["post-191","page","type-page","status-publish","hentry"],"blocksy_meta":{"styles_descriptor":{"styles":{"desktop":"","tablet":"","mobile":""},"google_fonts":[],"version":6}},"uagb_featured_image_src":{"full":false,"thumbnail":false,"medium":false,"medium_large":false,"large":false,"1536x1536":false,"2048x2048":false},"uagb_author_info":{"display_name":"WP-Admin-01","author_link":"https:\/\/website.kommev.de\/?author=4"},"uagb_comment_info":0,"uagb_excerpt":"KOMM Ambulante Dienste e.V. ist ein gemeinn\u00fctziger Verein, der seit 1982 in Frankfurt\/Main Menschen mit Behinderung, alten Menschen sowie Kindern, Jugendlichen und Familien ein vielf\u00e4ltiges und sich erg\u00e4nzendes ambulantes Unterst\u00fctzungsangebot anbietet. WerteWir sind davon \u00fcberzeugt, dass alle Menschen wertvoll sind und das Recht auf ein w\u00fcrdevolles Leben haben. Jede*n Einzelnen akzeptieren und wertsch\u00e4tzen wir unabh\u00e4ngig&hellip;","_links":{"self":[{"href":"https:\/\/website.kommev.de\/index.php?rest_route=\/wp\/v2\/pages\/191","targetHints":{"allow":["GET"]}}],"collection":[{"href":"https:\/\/website.kommev.de\/index.php?rest_route=\/wp\/v2\/pages"}],"about":[{"href":"https:\/\/website.kommev.de\/index.php?rest_route=\/wp\/v2\/types\/page"}],"author":[{"embeddable":true,"href":"https:\/\/website.kommev.de\/index.php?rest_route=\/wp\/v2\/users\/4"}],"replies":[{"embeddable":true,"href":"https:\/\/website.kommev.de\/index.php?rest_route=%2Fwp%2Fv2%2Fcomments&post=191"}],"version-history":[{"count":1,"href":"https:\/\/website.kommev.de\/index.php?rest_route=\/wp\/v2\/pages\/191\/revisions"}],"predecessor-version":[{"id":1023,"href":"https:\/\/website.kommev.de\/index.php?rest_route=\/wp\/v2\/pages\/191\/revisions\/1023"}],"wp:attachment":[{"href":"https:\/\/website.kommev.de\/index.php?rest_route=%2Fwp%2Fv2%2Fmedia&parent=191"}],"curies":[{"name":"wp","href":"https:\/\/api.w.org\/{rel}","templated":true}]}}