{"id":1907,"date":"2025-11-29T22:00:55","date_gmt":"2025-11-29T21:00:55","guid":{"rendered":"https:\/\/website.kommev.de\/?page_id=1907"},"modified":"2026-02-26T15:41:22","modified_gmt":"2026-02-26T14:41:22","slug":"kinder-und-jugendhilfe-neu","status":"publish","type":"page","link":"https:\/\/website.kommev.de\/?page_id=1907","title":{"rendered":"Kinder- und Jugendhilfe NEU"},"content":{"rendered":"\n<p><\/p>\n\n\n\n<div data-aos= \"fade-right\" data-aos-duration=\"400\" data-aos-delay=\"0\" data-aos-easing=\"ease\" data-aos-once=\"true\" class=\"wp-block-uagb-container uagb-block-jmalgbxh alignfull uagb-is-root-container\"><div class=\"uagb-container-inner-blocks-wrap\">\n<div class=\"wp-block-uagb-container uagb-block-ocjbyv1i\">\n<div data-aos= \"fade-right\" data-aos-duration=\"400\" data-aos-delay=\"0\" data-aos-easing=\"ease\" data-aos-once=\"true\" class=\"wp-block-uagb-info-box uagb-block-shjppw3v uagb-infobox__content-wrap  uagb-infobox-icon-above-title uagb-infobox-image-valign-top wp-block-uagb-info-box--has-margin\"><div class=\"uagb-infobox-margin-wrapper\"><div class=\"uagb-ifb-content\"><div class=\"uagb-ifb-title-wrap\"><h2 class=\"uagb-ifb-title\">Inklusive Kinder- und Jugendhilfe <\/h2><\/div><p class=\"uagb-ifb-desc\">Hilfen f\u00fcr Kinder, Jugendliche und Familien  <\/p><\/div><\/div><\/div>\n\n\n\n<div data-aos= \"fade-right\" data-aos-duration=\"400\" data-aos-delay=\"0\" data-aos-easing=\"ease\" data-aos-once=\"true\" class=\"wp-block-uagb-info-box uagb-block-b126217a uagb-infobox__content-wrap  uagb-infobox-icon-above-title uagb-infobox-image-valign-top wp-block-uagb-info-box--has-margin\"><div class=\"uagb-infobox-margin-wrapper\"><div class=\"uagb-ifb-content\"><div class=\"uagb-ifb-title-wrap\"><\/div><p class=\"uagb-ifb-desc\"><br>KOMM Ambulante Dienste e. V.&nbsp;b\u00fcndelt als Tr\u00e4ger der inklusiven Kinder- und Jugendhilfe vielf\u00e4ltige Unterst\u00fctzungsangebote f\u00fcr Kinder, Jugendliche und Familien. Wir bieten Hilfen zur Erziehung und Eingliederungshilfe unter einem Dach. Unsere Unterst\u00fctzungsangebote sind auch in Kombination m\u00f6glich. <br><br>Unsere Arbeit orientiert sich an den Lebenswelten der jungen Menschen und Familien. Wir unterst\u00fctzen in herausfordernden famili\u00e4ren Situationen und dort, wo Teilhabebedarfe entstehen und einer Unterst\u00fctzung bedarf: Im Vorschulbereich, in Schule und Ausbildung im \u00dcbergang ins Erwachsenenleben sowie im Freizeitbereich.. Gemeinsam mit den Familien entwickeln wir individuelle L\u00f6sungen, die sich an den Bedarfen der Kinder und Jugendlichen orientieren.<br><\/p><\/div><\/div><\/div>\n\n\n\n<div data-aos= \"fade-right\" data-aos-duration=\"400\" data-aos-delay=\"0\" data-aos-easing=\"ease\" data-aos-once=\"true\" class=\"wp-block-uagb-buttons uagb-buttons__outer-wrap uagb-btn__medium-btn uagb-btn-tablet__default-btn uagb-btn-mobile__default-btn uagb-block-ondnbyin\"><div class=\"uagb-buttons__wrap uagb-buttons-layout-wrap \">\n<div class=\"wp-block-uagb-buttons-child uagb-buttons__outer-wrap uagb-block-3tastjqr wp-block-button\"><div class=\"uagb-button__wrapper\"><a class=\"uagb-buttons-repeater wp-block-button__link\" aria-label=\"\" href=\"https:\/\/website.kommev.de\/?page_id=1960 \" rel=\"follow noopener\" target=\"_self\" role=\"button\"><div class=\"uagb-button__link\">Jetzt Erstgespr\u00e4ch vereinbaren <\/div><\/a><\/div><\/div>\n<\/div><\/div>\n<\/div>\n\n\n\n<div class=\"wp-block-uagb-image alignleft uagb-block-qywf8cpw wp-block-uagb-image--layout-default wp-block-uagb-image--effect-static wp-block-uagb-image--align-left\"><figure class=\"wp-block-uagb-image__figure\"><img decoding=\"async\" srcset=\"https:\/\/website.kommev.de\/wp-content\/uploads\/iStock-1479340360-1024x683.jpg ,https:\/\/website.kommev.de\/wp-content\/uploads\/iStock-1479340360.jpg 780w, https:\/\/website.kommev.de\/wp-content\/uploads\/iStock-1479340360.jpg 360w\" sizes=\"auto, (max-width: 480px) 150px\" src=\"https:\/\/website.kommev.de\/wp-content\/uploads\/iStock-1479340360-1024x683.jpg\" alt=\"\" class=\"uag-image-1949\" width=\"564\" height=\"423\" title=\"People with down syndrome and cerebral palsy doing an art project with help with assistants and animators.Disability health care art workshop.\" loading=\"lazy\" role=\"img\"\/><\/figure><\/div>\n<\/div><\/div>\n\n\n\n<div data-aos= \"fade-right\" data-aos-duration=\"400\" data-aos-delay=\"0\" data-aos-easing=\"ease\" data-aos-once=\"true\" class=\"wp-block-uagb-container uagb-block-hrypwuyf alignfull uagb-is-root-container\"><div class=\"uagb-container-inner-blocks-wrap\">\n<div class=\"wp-block-uagb-info-box uagb-block-rixaxfy5 uagb-infobox__content-wrap  uagb-infobox-icon-above-title uagb-infobox-image-valign-top\"><div class=\"uagb-ifb-content\"><div class=\"uagb-ifb-title-wrap\"><h2 class=\"uagb-ifb-title\">Unsere Angebote <\/h2><\/div><\/div><\/div>\n\n\n\n<div class=\"wp-block-uagb-container uagb-layout-grid uagb-block-yabpg1vi\">\n<div data-aos= \"fade-up\" data-aos-duration=\"400\" data-aos-delay=\"0\" data-aos-easing=\"ease\" data-aos-once=\"true\" class=\"wp-block-uagb-container uagb-block-aycukphh\">\n<figure class=\"wp-block-image size-large\"><img loading=\"lazy\" decoding=\"async\" width=\"1024\" height=\"576\" src=\"https:\/\/website.kommev.de\/wp-content\/uploads\/00112-1024x576.jpeg\" alt=\"\" class=\"wp-image-1803\" srcset=\"https:\/\/website.kommev.de\/wp-content\/uploads\/00112-1024x576.jpeg 1024w, https:\/\/website.kommev.de\/wp-content\/uploads\/00112-450x253.jpeg 450w, https:\/\/website.kommev.de\/wp-content\/uploads\/00112-768x432.jpeg 768w, https:\/\/website.kommev.de\/wp-content\/uploads\/00112-1536x864.jpeg 1536w, https:\/\/website.kommev.de\/wp-content\/uploads\/00112.jpeg 1920w\" sizes=\"auto, (max-width: 1024px) 100vw, 1024px\" \/><\/figure>\n\n\n\n<div class=\"wp-block-uagb-info-box uagb-block-uorxfbtv uagb-infobox__content-wrap  uagb-infobox-icon-above-title uagb-infobox-image-valign-top\"><div class=\"uagb-ifb-content\"><div class=\"uagb-ifb-title-wrap\"><h3 class=\"uagb-ifb-title\">Hilfen zur Erziehung und Teilhabeassistenz <\/h3><\/div><p class=\"uagb-ifb-desc\">Wir begleiten Ihr Kind im Rahmen der Freizeitassistenz und f\u00f6rdern eine selbstbestimmte Freizeitgestaltung. Wir st\u00e4rken Eltern in herausfordernden Situationen und entlasten im Alltag. <\/p><\/div><\/div>\n\n\n\n<div class=\"wp-block-uagb-buttons uagb-buttons__outer-wrap uagb-btn__medium-btn uagb-btn-tablet__default-btn uagb-btn-mobile__default-btn uagb-block-33cjmswh\"><div class=\"uagb-buttons__wrap uagb-buttons-layout-wrap \">\n<div class=\"wp-block-uagb-buttons-child uagb-buttons__outer-wrap uagb-block-t1lkfdbm wp-block-button\"><div class=\"uagb-button__wrapper\"><a class=\"uagb-buttons-repeater wp-block-button__link\" aria-label=\"\" href=\"https:\/\/website.kommev.de\/?page_id=1997\" rel=\"follow noopener\" target=\"_self\" role=\"button\"><div class=\"uagb-button__link\"> Mehr erfahren <\/div><\/a><\/div><\/div>\n<\/div><\/div>\n<\/div>\n\n\n\n<div data-aos= \"fade-up\" data-aos-duration=\"400\" data-aos-delay=\"0\" data-aos-easing=\"ease\" data-aos-once=\"true\" class=\"wp-block-uagb-container uagb-block-updutxqs\">\n<figure class=\"wp-block-image size-large\"><img loading=\"lazy\" decoding=\"async\" width=\"1024\" height=\"576\" src=\"https:\/\/website.kommev.de\/wp-content\/uploads\/12-1-1024x576.jpg\" alt=\"\" class=\"wp-image-1798\" srcset=\"https:\/\/website.kommev.de\/wp-content\/uploads\/12-1-1024x576.jpg 1024w, https:\/\/website.kommev.de\/wp-content\/uploads\/12-1-450x253.jpg 450w, https:\/\/website.kommev.de\/wp-content\/uploads\/12-1-768x432.jpg 768w, https:\/\/website.kommev.de\/wp-content\/uploads\/12-1-1536x864.jpg 1536w, https:\/\/website.kommev.de\/wp-content\/uploads\/12-1.jpg 1920w\" sizes=\"auto, (max-width: 1024px) 100vw, 1024px\" \/><\/figure>\n\n\n\n<div class=\"wp-block-uagb-info-box uagb-block-sjnjuwsk uagb-infobox__content-wrap  uagb-infobox-icon-above-title uagb-infobox-image-valign-top\"><div class=\"uagb-ifb-content\"><div class=\"uagb-ifb-title-wrap\"><h3 class=\"uagb-ifb-title\">Schulassistenz <\/h3><\/div><p class=\"uagb-ifb-desc\">Unsere Schulassistenzen unterst\u00fctzen Ihr Kind im Unterricht, bei \u00dcberg\u00e4ngen und in sozialen Situationen. Ziel ist eine verl\u00e4ssliche Begleitung, die Lernen, Bildung und Teilhabe erm\u00f6glicht.<\/p><\/div><\/div>\n\n\n\n<div class=\"wp-block-uagb-buttons uagb-buttons__outer-wrap uagb-btn__medium-btn uagb-btn-tablet__default-btn uagb-btn-mobile__default-btn uagb-block-cqie9az1\"><div class=\"uagb-buttons__wrap uagb-buttons-layout-wrap \">\n<div class=\"wp-block-uagb-buttons-child uagb-buttons__outer-wrap uagb-block-21ktlx5z wp-block-button\"><div class=\"uagb-button__wrapper\"><a class=\"uagb-buttons-repeater wp-block-button__link\" aria-label=\"\" href=\"https:\/\/website.kommev.de\/?page_id=1699 \" rel=\"follow noopener\" target=\"_self\" role=\"button\"><div class=\"uagb-button__link\"> Mehr erfahren <\/div><\/a><\/div><\/div>\n<\/div><\/div>\n<\/div>\n\n\n\n<div data-aos= \"fade-up\" data-aos-duration=\"400\" data-aos-delay=\"0\" data-aos-easing=\"ease\" data-aos-once=\"true\" class=\"wp-block-uagb-container uagb-block-aew6nr9w\">\n<figure class=\"wp-block-image size-large\"><img loading=\"lazy\" decoding=\"async\" width=\"1024\" height=\"576\" src=\"https:\/\/website.kommev.de\/wp-content\/uploads\/8-1024x576.jpg\" alt=\"\" class=\"wp-image-1796\" srcset=\"https:\/\/website.kommev.de\/wp-content\/uploads\/8-1024x576.jpg 1024w, https:\/\/website.kommev.de\/wp-content\/uploads\/8-450x253.jpg 450w, https:\/\/website.kommev.de\/wp-content\/uploads\/8-768x432.jpg 768w, https:\/\/website.kommev.de\/wp-content\/uploads\/8-1536x864.jpg 1536w, https:\/\/website.kommev.de\/wp-content\/uploads\/8.jpg 1920w\" sizes=\"auto, (max-width: 1024px) 100vw, 1024px\" \/><\/figure>\n\n\n\n<div class=\"wp-block-uagb-info-box uagb-block-yqjrttyd uagb-infobox__content-wrap  uagb-infobox-icon-above-title uagb-infobox-image-valign-top\"><div class=\"uagb-ifb-content\"><div class=\"uagb-ifb-title-wrap\"><h3 class=\"uagb-ifb-title\">Jugendsozialarbeit TIGER-Projekt<\/h3><\/div><p class=\"uagb-ifb-desc\">Als Tr\u00e4ger der Eingliederungs- und Jugendhilfe beteiligen wir uns am TIGER-Pooling-Modellprojekt.  <\/p><\/div><\/div>\n<\/div>\n\n\n\n<div data-aos= \"fade-up\" data-aos-duration=\"400\" data-aos-delay=\"0\" data-aos-easing=\"ease\" data-aos-once=\"true\" class=\"wp-block-uagb-container uagb-block-7bzseq7c\">\n<figure class=\"wp-block-image size-large\"><img loading=\"lazy\" decoding=\"async\" width=\"1024\" height=\"576\" src=\"https:\/\/website.kommev.de\/wp-content\/uploads\/0111222333444555-1024x576.jpeg\" alt=\"\" class=\"wp-image-1802\" srcset=\"https:\/\/website.kommev.de\/wp-content\/uploads\/0111222333444555-1024x576.jpeg 1024w, https:\/\/website.kommev.de\/wp-content\/uploads\/0111222333444555-450x253.jpeg 450w, https:\/\/website.kommev.de\/wp-content\/uploads\/0111222333444555-768x432.jpeg 768w, https:\/\/website.kommev.de\/wp-content\/uploads\/0111222333444555-1536x864.jpeg 1536w, https:\/\/website.kommev.de\/wp-content\/uploads\/0111222333444555.jpeg 1920w\" sizes=\"auto, (max-width: 1024px) 100vw, 1024px\" \/><\/figure>\n\n\n\n<div class=\"wp-block-uagb-info-box uagb-block-kmhi0dd4 uagb-infobox__content-wrap  uagb-infobox-icon-above-title uagb-infobox-image-valign-top\"><div class=\"uagb-ifb-content\"><div class=\"uagb-ifb-title-wrap\"><h3 class=\"uagb-ifb-title\">#nurmituns &amp; #weghier<\/h3><\/div><p class=\"uagb-ifb-desc\">Erfahre hier mehr \u00fcber die Beteiligungsprojekte und Jugendangebote. <\/p><\/div><\/div>\n\n\n\n<div class=\"wp-block-uagb-buttons uagb-buttons__outer-wrap uagb-btn__medium-btn uagb-btn-tablet__default-btn uagb-btn-mobile__default-btn uagb-block-s6gto5cm\"><div class=\"uagb-buttons__wrap uagb-buttons-layout-wrap \">\n<div class=\"wp-block-uagb-buttons-child uagb-buttons__outer-wrap uagb-block-amp0i9oo wp-block-button\"><div class=\"uagb-button__wrapper\"><a class=\"uagb-buttons-repeater wp-block-button__link\" aria-label=\"\" href=\"https:\/\/www.nur-mit-uns.com\" rel=\"follow noopener\" target=\"_self\" role=\"button\"><div class=\"uagb-button__link\"> Mehr erfahren <\/div><\/a><\/div><\/div>\n<\/div><\/div>\n<\/div>\n<\/div>\n<\/div><\/div>\n\n\n\n<p><\/p>\n","protected":false},"excerpt":{"rendered":"","protected":false},"author":6,"featured_media":0,"parent":0,"menu_order":0,"comment_status":"closed","ping_status":"closed","template":"","meta":{"_uag_custom_page_level_css":"","footnotes":""},"class_list":["post-1907","page","type-page","status-publish","hentry"],"blocksy_meta":{"has_hero_section":"disabled","styles_descriptor":{"styles":{"desktop":"","tablet":"","mobile":""},"google_fonts":[],"version":6}},"uagb_featured_image_src":{"full":false,"thumbnail":false,"medium":false,"medium_large":false,"large":false,"1536x1536":false,"2048x2048":false},"uagb_author_info":{"display_name":"Marcel K\u00f6nig","author_link":"https:\/\/website.kommev.de\/?author=6"},"uagb_comment_info":0,"uagb_excerpt":null,"_links":{"self":[{"href":"https:\/\/website.kommev.de\/index.php?rest_route=\/wp\/v2\/pages\/1907","targetHints":{"allow":["GET"]}}],"collection":[{"href":"https:\/\/website.kommev.de\/index.php?rest_route=\/wp\/v2\/pages"}],"about":[{"href":"https:\/\/website.kommev.de\/index.php?rest_route=\/wp\/v2\/types\/page"}],"author":[{"embeddable":true,"href":"https:\/\/website.kommev.de\/index.php?rest_route=\/wp\/v2\/users\/6"}],"replies":[{"embeddable":true,"href":"https:\/\/website.kommev.de\/index.php?rest_route=%2Fwp%2Fv2%2Fcomments&post=1907"}],"version-history":[{"count":18,"href":"https:\/\/website.kommev.de\/index.php?rest_route=\/wp\/v2\/pages\/1907\/revisions"}],"predecessor-version":[{"id":2073,"href":"https:\/\/website.kommev.de\/index.php?rest_route=\/wp\/v2\/pages\/1907\/revisions\/2073"}],"wp:attachment":[{"href":"https:\/\/website.kommev.de\/index.php?rest_route=%2Fwp%2Fv2%2Fmedia&parent=1907"}],"curies":[{"name":"wp","href":"https:\/\/api.w.org\/{rel}","templated":true}]}}