{"id":1699,"date":"2025-11-29T22:04:05","date_gmt":"2025-11-29T21:04:05","guid":{"rendered":"https:\/\/website.kommev.de\/?page_id=1699"},"modified":"2025-12-15T11:21:37","modified_gmt":"2025-12-15T10:21:37","slug":"schulassistenz-neu","status":"publish","type":"page","link":"https:\/\/website.kommev.de\/?page_id=1699","title":{"rendered":"Schulassistenz NEU"},"content":{"rendered":"\n<p><\/p>\n\n\n\n<p><\/p>\n\n\n\n<p><\/p>\n\n\n\n<div data-aos= \"fade-right\" data-aos-duration=\"400\" data-aos-delay=\"0\" data-aos-easing=\"ease\" data-aos-once=\"true\" class=\"wp-block-uagb-container uagb-block-vjqxiphi alignfull uagb-is-root-container\">\n<div data-aos= \"fade-right\" data-aos-duration=\"400\" data-aos-delay=\"0\" data-aos-easing=\"ease\" data-aos-once=\"true\" class=\"wp-block-uagb-container uagb-block-ieovr4rb\"><\/div>\n\n\n\n<div class=\"wp-block-uagb-container uagb-block-iomkyeua\">\n<div data-aos= \"fade-right\" data-aos-duration=\"400\" data-aos-delay=\"0\" data-aos-easing=\"ease\" data-aos-once=\"true\" class=\"wp-block-uagb-info-box uagb-block-9xazesj5 uagb-infobox__content-wrap  uagb-infobox-icon-above-title uagb-infobox-image-valign-top\"><div class=\"uagb-ifb-content\"><div class=\"uagb-ifb-title-wrap\"><h1 class=\"uagb-ifb-title\">Schulassistenz bei KOMM <\/h1><\/div><p class=\"uagb-ifb-desc\">Schulbegleitung \u2013 Unterst\u00fctzung, die den Schulalltag \u00f6ffnet. <br><br>Unsere Schulbegleiter*innen unterst\u00fctzen Kinder und Jugendliche mit Behinderung unabh\u00e4ngig davon, ob sie eine allgemeine Schule oder eine F\u00f6rderschule besuchen. Schulbegleitung schafft die Bedingungen, damit Lernen und Teilhabe in der Schule m\u00f6glich werden. <\/p><\/div><\/div>\n\n\n\n<div data-aos= \"fade-right\" data-aos-duration=\"400\" data-aos-delay=\"0\" data-aos-easing=\"ease\" data-aos-once=\"true\" class=\"wp-block-uagb-buttons uagb-buttons__outer-wrap uagb-btn__medium-btn uagb-btn-tablet__default-btn uagb-btn-mobile__default-btn uagb-block-bhxqni5r\"><div class=\"uagb-buttons__wrap uagb-buttons-layout-wrap \">\n<div class=\"wp-block-uagb-buttons-child uagb-buttons__outer-wrap uagb-block-7x9s0mot wp-block-button\"><div class=\"uagb-button__wrapper\"><a class=\"uagb-buttons-repeater wp-block-button__link\" aria-label=\"\" href=\"https:\/\/website.kommev.de\/?page_id=1960 \" rel=\"follow noopener\" target=\"_self\" role=\"button\"><div class=\"uagb-button__link\">Jetzt Erstgespr\u00e4ch vereinbaren <\/div><\/a><\/div><\/div>\n<\/div><\/div>\n<\/div>\n<\/div>\n\n\n\n<div data-aos= \"fade-right\" data-aos-duration=\"400\" data-aos-delay=\"0\" data-aos-easing=\"ease\" data-aos-once=\"true\" class=\"wp-block-uagb-container uagb-block-ddv2w5ah alignfull uagb-is-root-container\"><div class=\"uagb-container-inner-blocks-wrap\">\n<div class=\"wp-block-uagb-info-box uagb-block-9xzkdg9d uagb-infobox__content-wrap  uagb-infobox-icon-above-title uagb-infobox-image-valign-top wp-block-uagb-info-box--has-margin\"><div class=\"uagb-infobox-margin-wrapper\"><div class=\"uagb-ifb-content\"><div class=\"uagb-ifb-title-wrap\"><p class=\"uagb-ifb-title-prefix\"><strong>Schulassistenz an allen Frankfurter Regel- und F\u00f6rderschulen<\/strong><\/p><p class=\"uagb-ifb-title\">Schulassistenz beschreibt eine Form der Hilfe, die Kindern und Jugendlichen mit (drohender) Behinderung erm\u00f6glicht, ihren Schulalltag zu gestalten. Manche Kinder ben\u00f6tigen neben der p\u00e4dagogischen Arbeit der Schule weitere Unterst\u00fctzung: bei der Orientierung im Tagesablauf, bei organisatorischen Aufgaben, beim sozialen Miteinander, im Bew\u00e4ltigung des Schulweges oder bei pflegerischen T\u00e4tigkeiten.<br><br>Sie arbeiten&nbsp;nicht&nbsp;im p\u00e4dagogischen Kernbereich und vermitteln keine schulischen Lerninhalte. Stattdessen schaffen sie die Rahmenbedingungen, damit Teilhabe und Lernen gelingen kann. Dazu geh\u00f6ren unter anderem:<br><br>&#8211; Praktische Hilfen beim Erarbeiten von Lerninhalten, z. B. durch Anpassung des Materials oder Nutzung technischer Hilfsmittel <br>&#8211; Unterst\u00fctzung des sozialen Lernens <br>&#8211; Reduzierung bzw. Vermeidung von Selbst- oder Fremdgef\u00e4hrdung<br>&#8211; F\u00f6rderung der Mobilit\u00e4t und der Selbstst\u00e4ndigkeit <br>&#8211; Begleitung bei besonderen Schulveranstaltungen wie Ausfl\u00fcgen, Projekttagen oder Fahrten <br>&#8211; Strukturierung und Organisation des Schulalltages<br><br>Eine enge, vertrauensvolle Zusammenarbeit mit Lehrkr\u00e4ften und dem gesamten schulischen Umfeld ist f\u00fcr uns selbstverst\u00e4ndlich.<br><\/p><\/div><\/div><\/div><\/div>\n<\/div><\/div>\n\n\n\n<div data-aos= \"fade-right\" data-aos-duration=\"400\" data-aos-delay=\"0\" data-aos-easing=\"ease\" data-aos-once=\"true\" class=\"wp-block-uagb-container uagb-block-eq98pcdh alignwide uagb-is-root-container\">\n<div class=\"wp-block-uagb-info-box uagb-block-lnaa6rsy uagb-infobox__content-wrap  uagb-infobox-icon-above-title uagb-infobox-image-valign-top\"><div class=\"uagb-ifb-content\"><div class=\"uagb-ifb-title-wrap\"><h2 class=\"uagb-ifb-title\">Ansprechpersonen<\/h2><\/div><\/div><\/div>\n\n\n\n<div class=\"wp-block-uagb-container uagb-block-ywhmkhyu\">\n<div class=\"wp-block-uagb-info-box uagb-block-dywmslkj uagb-infobox__content-wrap  uagb-infobox-icon-above-title uagb-infobox-image-valign-top\"><div class=\"uagb-ifb-content\"><div class=\"uagb-ifb-title-wrap\"><\/div><p class=\"uagb-ifb-desc\"><strong>Ruth Brehm <\/strong><br>Teamleitung Schulassistenz <br>Mobil: 0176-78104943<br>E-Mail:<a href=\"r.brem@kommev.de\" data-type=\"link\" data-id=\"r.brem@kommev.de\"> r.brehm@kommev.de<\/a><\/p><\/div><\/div>\n\n\n\n<div class=\"wp-block-uagb-info-box uagb-block-3xc9u1wv uagb-infobox__content-wrap  uagb-infobox-icon-above-title uagb-infobox-image-valign-top\"><div class=\"uagb-ifb-content\"><div class=\"uagb-ifb-title-wrap\"><\/div><p class=\"uagb-ifb-desc\"><strong>Petra Lugert<\/strong><br>Teamleitung Schulassistenz <br>Mobil: 0176 &#8211; 110 45 672<br>E-Mail: <a href=\"mailto:p.lugert@kommev.de\">p.lugert@kommev.de<\/a><strong> <\/strong><\/p><\/div><\/div>\n<\/div>\n<\/div>\n\n\n\n<p><\/p>\n","protected":false},"excerpt":{"rendered":"","protected":false},"author":6,"featured_media":0,"parent":0,"menu_order":0,"comment_status":"closed","ping_status":"closed","template":"","meta":{"_uag_custom_page_level_css":"","footnotes":""},"class_list":["post-1699","page","type-page","status-publish","hentry"],"blocksy_meta":{"has_hero_section":"disabled","page_structure_type":"default","styles_descriptor":{"styles":{"desktop":"","tablet":"","mobile":""},"google_fonts":[],"version":6}},"uagb_featured_image_src":{"full":false,"thumbnail":false,"medium":false,"medium_large":false,"large":false,"1536x1536":false,"2048x2048":false},"uagb_author_info":{"display_name":"Marcel K\u00f6nig","author_link":"https:\/\/website.kommev.de\/?author=6"},"uagb_comment_info":0,"uagb_excerpt":null,"_links":{"self":[{"href":"https:\/\/website.kommev.de\/index.php?rest_route=\/wp\/v2\/pages\/1699","targetHints":{"allow":["GET"]}}],"collection":[{"href":"https:\/\/website.kommev.de\/index.php?rest_route=\/wp\/v2\/pages"}],"about":[{"href":"https:\/\/website.kommev.de\/index.php?rest_route=\/wp\/v2\/types\/page"}],"author":[{"embeddable":true,"href":"https:\/\/website.kommev.de\/index.php?rest_route=\/wp\/v2\/users\/6"}],"replies":[{"embeddable":true,"href":"https:\/\/website.kommev.de\/index.php?rest_route=%2Fwp%2Fv2%2Fcomments&post=1699"}],"version-history":[{"count":21,"href":"https:\/\/website.kommev.de\/index.php?rest_route=\/wp\/v2\/pages\/1699\/revisions"}],"predecessor-version":[{"id":2011,"href":"https:\/\/website.kommev.de\/index.php?rest_route=\/wp\/v2\/pages\/1699\/revisions\/2011"}],"wp:attachment":[{"href":"https:\/\/website.kommev.de\/index.php?rest_route=%2Fwp%2Fv2%2Fmedia&parent=1699"}],"curies":[{"name":"wp","href":"https:\/\/api.w.org\/{rel}","templated":true}]}}