{"id":1650,"date":"2025-07-23T21:23:24","date_gmt":"2025-07-23T20:23:24","guid":{"rendered":"https:\/\/website.kommev.de\/?page_id=1650"},"modified":"2025-07-23T21:23:24","modified_gmt":"2025-07-23T20:23:24","slug":"pflege-teilhabe","status":"publish","type":"page","link":"https:\/\/website.kommev.de\/?page_id=1650","title":{"rendered":"Pflege &amp; Teilhabe"},"content":{"rendered":"\n<figure class=\"wp-block-image size-large\"><img loading=\"lazy\" decoding=\"async\" width=\"1024\" height=\"576\" src=\"https:\/\/website.kommev.de\/wp-content\/uploads\/11110000-1024x576.jpg\" alt=\"\" class=\"wp-image-1582\" srcset=\"https:\/\/website.kommev.de\/wp-content\/uploads\/11110000-1024x576.jpg 1024w, https:\/\/website.kommev.de\/wp-content\/uploads\/11110000-450x253.jpg 450w, https:\/\/website.kommev.de\/wp-content\/uploads\/11110000-768x432.jpg 768w, https:\/\/website.kommev.de\/wp-content\/uploads\/11110000-1536x864.jpg 1536w, https:\/\/website.kommev.de\/wp-content\/uploads\/11110000.jpg 1920w\" sizes=\"auto, (max-width: 1024px) 100vw, 1024px\" \/><\/figure>\n\n\n\n<div class=\"wp-block-uagb-advanced-heading uagb-block-b1820dfa\"><h2 class=\"uagb-heading-text\">Pflege und Teilhabe zusammendenken \u2013 ein integrierter Blick auf Unterst\u00fctzung und Inklusion<\/h2><\/div>\n\n\n\n<p>Als&nbsp;KOMM e.V.&nbsp;stellen wir uns einer zentralen Herausforderung: Wie kann es gelingen, Pflege und Teilhabe so miteinander zu verbinden, dass Menschen mit Unterst\u00fctzungsbedarf aus beiden Rechtskreisen bestm\u00f6glichste Versorgung erfahren?&nbsp;<\/p>\n\n\n\n<p>Unsere Antwort darauf ist klar: Wir m\u00fcssen die bisher getrennten Systeme der Pflege (SGB XI) und der Eingliederungshilfe (SGB IX) neu zusammendenken. Denn aus der Perspektive der betroffenen jungen Menschen gibt es keine \u201eSchnittstellen\u201c und keine Ressortzust\u00e4ndigkeiten. Es gibt nur den Anspruch auf ganzheitliche Unterst\u00fctzung, die k\u00f6rperbezogene Pflege, sozialp\u00e4dagogische Begleitung und gesellschaftliche Teilhabe miteinander verbindet.<\/p>\n\n\n\n<p><strong>Von nebeneinander zu miteinander: Ein Paradigmenwechsel<\/strong><\/p>\n\n\n\n<p>In der klassischen Versorgung sind Pflege und Teilhabe als Professionen strikt getrennt. Diese Trennung f\u00fchrt jedoch in der Praxis zu Br\u00fcchen in der Unterst\u00fctzung, Zust\u00e4ndigkeitsstreitigkeiten zwischen Leistungstr\u00e4gern und letztlich zu einer Einschr\u00e4nkung der Versorgung der Menschen.&nbsp;<\/p>\n\n\n\n<p>Wir bei KOMM e.V. sind \u00fcberzeugt: Eine zeitgem\u00e4\u00dfe lebensweltorientierte Versorgung, die inklusiv sein will, kann sich mit dieser Trennung nicht zufriedengeben. Stattdessen entwickeln wir integrierte Unterst\u00fctzungsans\u00e4tze, die den Menschen und nicht das System ins Zentrum stellen.<\/p>\n\n\n\n<p><strong>Unser Ansatz: Integrierte Unterst\u00fctzung gestalten<\/strong><\/p>\n\n\n\n<p>Mit unserem Zielbild legen wir die Grundlage f\u00fcr eine Praxis, die Pflege und Teilhabe nicht als abgetrennte Zust\u00e4ndigkeiten, sondern als sich erg\u00e4nzende Dimensionen versteht. Multiprofessionalit\u00e4t ist dabei das Schlagwort: Fachkr\u00e4fte aus Sozialer Arbeit, Pflege und Assistenz arbeiten Hand in Hand, um individuelle L\u00f6sungen zu erm\u00f6glichen.<\/p>\n\n\n\n<p>Ein zentrales Element sind Team-Tandems, in denen p\u00e4dagogische Fachkr\u00e4fte und Pflegekr\u00e4fte gemeinsam Verantwortung f\u00fcr die Unterst\u00fctzung von Menschen mit komplexem Unterst\u00fctzungsbedarf \u00fcbernehmen. Diese Form der Zusammenarbeit schafft Synergien, die weit \u00fcber klassische Ressortgrenzen hinausgehen und den Blick auf den Menschen in seiner Lebenswelt richten.<\/p>\n\n\n\n<p>Pflege und Teilhabe zusammendenken bedeutet f\u00fcr uns, die Logik der Systeme zu \u00fcberschreiten, Kooperation statt Abgrenzung zu f\u00f6rdern und neue L\u00f6sungen zu entwickeln, die sich am echten Bedarf der Menschen orientieren.<\/p>\n\n\n\n<p>Wir sind \u00fcberzeugt: Inklusion gelingt nur, wenn wir bereit sind, alte Grenzen zu hinterfragen und gemeinsam Verantwortung zu \u00fcbernehmen. Mit unserem Zielbild haben wir einen entscheidenden Schritt in diese Richtung gemacht. Und wir sind bereit, diesen Weg weiterzugehen.<\/p>\n","protected":false},"excerpt":{"rendered":"<p>Pflege und Teilhabe zusammendenken \u2013 ein integrierter Blick auf Unterst\u00fctzung und Inklusion Als&nbsp;KOMM e.V.&nbsp;stellen wir uns einer zentralen Herausforderung: Wie kann es gelingen, Pflege und Teilhabe so miteinander zu verbinden, dass Menschen mit Unterst\u00fctzungsbedarf aus beiden Rechtskreisen bestm\u00f6glichste Versorgung erfahren?&nbsp; Unsere Antwort darauf ist klar: Wir m\u00fcssen die bisher getrennten Systeme der Pflege (SGB XI) [&hellip;]<\/p>\n","protected":false},"author":6,"featured_media":0,"parent":0,"menu_order":0,"comment_status":"closed","ping_status":"closed","template":"","meta":{"_uag_custom_page_level_css":"","footnotes":""},"class_list":["post-1650","page","type-page","status-publish","hentry"],"blocksy_meta":{"has_hero_section":"disabled","styles_descriptor":{"styles":{"desktop":"","tablet":"","mobile":""},"google_fonts":[],"version":6}},"uagb_featured_image_src":{"full":false,"thumbnail":false,"medium":false,"medium_large":false,"large":false,"1536x1536":false,"2048x2048":false},"uagb_author_info":{"display_name":"Marcel K\u00f6nig","author_link":"https:\/\/website.kommev.de\/?author=6"},"uagb_comment_info":0,"uagb_excerpt":"Pflege und Teilhabe zusammendenken \u2013 ein integrierter Blick auf Unterst\u00fctzung und Inklusion Als&nbsp;KOMM e.V.&nbsp;stellen wir uns einer zentralen Herausforderung: Wie kann es gelingen, Pflege und Teilhabe so miteinander zu verbinden, dass Menschen mit Unterst\u00fctzungsbedarf aus beiden Rechtskreisen bestm\u00f6glichste Versorgung erfahren?&nbsp; Unsere Antwort darauf ist klar: Wir m\u00fcssen die bisher getrennten Systeme der Pflege (SGB XI)&hellip;","_links":{"self":[{"href":"https:\/\/website.kommev.de\/index.php?rest_route=\/wp\/v2\/pages\/1650","targetHints":{"allow":["GET"]}}],"collection":[{"href":"https:\/\/website.kommev.de\/index.php?rest_route=\/wp\/v2\/pages"}],"about":[{"href":"https:\/\/website.kommev.de\/index.php?rest_route=\/wp\/v2\/types\/page"}],"author":[{"embeddable":true,"href":"https:\/\/website.kommev.de\/index.php?rest_route=\/wp\/v2\/users\/6"}],"replies":[{"embeddable":true,"href":"https:\/\/website.kommev.de\/index.php?rest_route=%2Fwp%2Fv2%2Fcomments&post=1650"}],"version-history":[{"count":4,"href":"https:\/\/website.kommev.de\/index.php?rest_route=\/wp\/v2\/pages\/1650\/revisions"}],"predecessor-version":[{"id":1671,"href":"https:\/\/website.kommev.de\/index.php?rest_route=\/wp\/v2\/pages\/1650\/revisions\/1671"}],"wp:attachment":[{"href":"https:\/\/website.kommev.de\/index.php?rest_route=%2Fwp%2Fv2%2Fmedia&parent=1650"}],"curies":[{"name":"wp","href":"https:\/\/api.w.org\/{rel}","templated":true}]}}